c - 123 = 31. What is the units digit of (-294)/4*c/(-21) + 0?
9
Let a(y) = -y**3 - 12*y**2 - 23*y - 12. Let h be a(-10). Let n be 3/(h/34) + (-3)/(-9). Suppose 30 = o - 2*w + 3*w, 2*w - n = 0. What is the units digit of o?
7
Suppose 8*t - 5*t + 5*n = 2794, 3*t = 5*n + 2804. Suppose 2*f - i = t, 5*f + 5*i - 2105 = 205. What is the units digit of f?
5
Let k(r) = 34*r**2 + 10*r - 103. What is the tens digit of k(17)?
9
Suppose -6 + 1 = -5*d. Suppose -s - 4*x + 44 = -5*s, -s + d = 2*x. Let n(h) = h**3 + 9*h**2 + 7*h + 6. What is the tens digit of n(s)?
5
Let c(o) = 1248*o + 436. What is the hundreds digit of c(5)?
6
Let z = 2613 + 29984. What is the tens digit of z?
9
Suppose 4*n + 5*s = 1021, 0 = -3*n - s - 4*s + 772. Let g = n - 71. What is the hundreds digit of g?
1
Let a be 3/(((-3)/(-5))/(28/10)). Suppose a*p - 3*p - 33 = 0. Suppose 0 = -4*h + p*h + 33. What is the units digit of h?
3
Let p(n) = n - 1468. Let v(x) = -245. Let y(s) = -6*p(s) + 34*v(s). What is the units digit of y(0)?
8
Let i be (-1)/1 - (-4 - -15). Let r be ((-125)/30 + 4)*i. Suppose q + w - 186 = 0, r*q - 2*w - 109 = 275. What is the tens digit of q?
8
Let b = -59 + 63. Suppose -4*h = 4*q, -q = b*h + 4 + 5. Suppose -144 = p - q*p + 3*j, 0 = 3*p - j - 223. What is the tens digit of p?
7
Let k = 33413 - 14428. What is the units digit of k?
5
Suppose 252 - 798 = 13*p. Let a = 1 + p. Let k = a + 78. What is the units digit of k?
7
Suppose 2*t = -5*h - 484, 0*t = 2*h - t + 199. What is the hundreds digit of 9/(-21) - 63546/h?
6
Suppose -600*b + 605*b - 60129 = 2*g, -48099 = -4*b + g. What is the hundreds digit of b?
0
Suppose -1149*x = -1150*x + 324. Let p = x - -157. What is the units digit of p?
1
Let n(r) = 28*r - 65. Suppose -3*m - 40 = -13*m. What is the units digit of n(m)?
7
Suppose 4*y - 10500 = 3*n, 2*n + 518 = -y + 3154. Let c = y - 1750. What is the tens digit of c?
7
Suppose 6*b - 5*b = -2, 0 = 2*m + 3*b - 43330. What is the hundreds digit of m?
6
Let x = -12 - -72. Let z be x/(-20) + (0 - (1 - -116)). What is the tens digit of (-33 - z)/((-1)/(-2) + 1)?
5
Let q = 10729 - 4606. What is the tens digit of q?
2
Let o(c) = 556*c**2 + 75*c + 1111. What is the thousands digit of o(-10)?
5
Suppose s + 3*r - 3109 = 15142, -3*r = 21. What is the tens digit of s?
7
Let z = 4259 + -1491. What is the tens digit of z?
6
Suppose -16*o - 30*o + 176711 = -80291. What is the tens digit of o?
8
Let l be 293 + (-7 + 6)*-9. Let m = 791 + l. What is the hundreds digit of m?
0
What is the units digit of 69039/567*129 + (-2)/7?
7
Let z(t) = 2*t**3 - 24*t**2 - 63*t + 13. Let v(j) = -5*j**3 + 71*j**2 + 188*j - 38. Let u(o) = -3*v(o) - 8*z(o). What is the units digit of u(-20)?
0
Let n = 1745 - 603. What is the thousands digit of n?
1
Let k = 4818 + -4898. Let h(g) = -21*g. Let i be h(5). Let w = k - i. What is the units digit of w?
5
Let a = 6 + -8. Suppose -3*z + 5*k + 35 = 7, -12 = 3*z + 3*k. What is the hundreds digit of (-1220)/(-6) + z + a/6?
2
What is the thousands digit of 5 + (-2)/(-6) + 85844/66?
1
Suppose -28*n + 932 - 8 = 0. What is the tens digit of 3297/n + 2/22?
0
Let t(s) = 137*s**2 - 135*s - 1277. What is the hundreds digit of t(-12)?
0
Let s = 376 - 372. Suppose -s*d = 856 - 4368. What is the tens digit of d?
7
What is the hundreds digit of ((-22)/(-77) - ((-104)/28 + 1)) + 6960?
9
Let u = 1 - 499. Let g = u + 791. What is the units digit of g?
3
Suppose -214611 = -3*x - 3*h, -1 + 9 = 4*h. What is the thousands digit of x?
1
Let p be (-6)/8*(-3 + (0 - 1)). What is the tens digit of ((p - 3) + -1)*1640/(-5)?
2
Let h = -967 + 6947. What is the hundreds digit of h?
9
Let l = 187 + -243. What is the units digit of (-4 - 29)/(7/l)?
4
What is the tens digit of ((-61)/(-183))/((-2)/(-3492))?
8
Suppose 6*f - 84 = 204. Suppose -3*a + 8*a = 3*c - 206, -2*c + 144 = -2*a. Let o = c + f. What is the tens digit of o?
2
Let q(j) = 6*j**2 + 19*j - 22. Let l(u) = u**2 + u - 1. Let m(r) = 5*l(r) - q(r). Let p be m(-15). Suppose -p*n + 404 = -0*n. What is the tens digit of n?
0
Let q be 10/(2 + (2 - 3)). Suppose 0 = -3*r + 8*o - 3*o + 20, -q = -r + 5*o. Suppose 243 = 2*c - z, -r*z - 53 = -2*c + 178. What is the hundreds digit of c?
1
Suppose 7*c - 1856 = -c. Let g = 423 - c. Suppose -5*w = 4*m - g, -5*m = -3*m - w - 85. What is the tens digit of m?
4
Suppose 4*n = 4*r - 180, -4*n + n + r = 127. Let u = n - -41. Suppose 5*p - 9*p + 4 = u. What is the units digit of p?
1
Suppose -4*r + 76 = -3*x, 2*x - 12 = -2*r + 12. Suppose r*y = 7195 + 7541. What is the units digit of y?
1
Let j(h) = h**3 - 6*h**2 - 6*h + 3. Let m be j(7). Let a be (4/m)/(9/45) - -1. Suppose -x + 232 = 2*x + 5*z, a*z = x - 82. What is the tens digit of x?
7
Suppose -k - 285 + 15961 = -4*g, -2*k + 4*g = -31364. What is the tens digit of k?
8
Suppose -4*a - 4*l + 116 = 0, -4*a - 111 = -7*a + 3*l. Let z = a + 473. What is the hundreds digit of z?
5
Let b(g) = 5*g**2 - g - 4. Suppose -3*f - 32 = 5*f. Let w be b(f). Let d = 160 - w. What is the tens digit of d?
8
Suppose 2*p + 4*i = 28114, 2*i = 46*p - 49*p + 42171. What is the tens digit of p?
5
Let g be 2*-2*(5 - 3). Suppose 0*o = -5*o + 90. Let c = g + o. What is the units digit of c?
0
Suppose 21 = 3*b, z - 2*b = -561 + 10803. What is the hundreds digit of z?
2
Let i(r) = 504*r + 10. Let h be i(2). Let p = h - 643. What is the hundreds digit of p?
3
Let t(q) = 568*q + 1568. What is the ten thousands digit of t(49)?
2
Let v = -108 + 421. Let s = v - 151. What is the hundreds digit of s?
1
Let z = -18 + 13. Let s(r) = 2*r**2 + 15*r + 13. Let c(g) = g**2 + 8*g + 6. Let i(d) = z*c(d) + 3*s(d). What is the units digit of i(-8)?
3
Let f be 15/2*(3/(-9) - -1). Suppose -157 = -3*x + f*m, -2*m - 142 = x - 4*x. What is the tens digit of 15*(x/10 + -2)?
3
Suppose 22 = 4*w - 6*w. Let i = w - -16. Suppose 10*g - i*g = 370. What is the tens digit of g?
7
Let x = -134 + 170. What is the units digit of 144/(-5)*(-480)/x?
4
Suppose x + o - 2613 - 4750 = 0, 3*o - 27 = 0. What is the units digit of x?
4
Let p = 1006 + 13647. What is the ten thousands digit of p?
1
Let t = 18 - 9. Let g = 14 - t. Let z = 45 + g. What is the units digit of z?
0
What is the thousands digit of (-1*5753)/(7/(-14)) - 1?
1
Let t(q) = -q**3 - 15*q**2 + 15*q + 35. Let u be t(-16). Let g = u - 62. Let j(r) = -15*r - 19. What is the tens digit of j(g)?
4
Suppose 0 = -4*j + w + 13021, 3*w = 3*j - 1759 - 8018. What is the tens digit of j?
5
Let m be 2*8/6 - 4/6. Let c be (3/m)/3 + 3/2. Suppose -c + 0 = 2*b, -2*b + 218 = 5*k. What is the tens digit of k?
4
Let q = 355 - 353. What is the hundreds digit of q/13 - 15/((-2145)/197032)?
3
What is the units digit of (-152*24/30)/(1/(-215))?
4
Let k(j) be the second derivative of 247*j**4/6 - 7*j**3/2 + j**2 + 204*j. What is the units digit of k(2)?
6
Suppose -w + 2 = -5*k, k + 17 = -4*w - 4*k. What is the tens digit of w/(-9) - (1 + (-3286)/6)?
4
Let y = 5437 + -3756. Let s = -924 + y. What is the hundreds digit of s?
7
Let s be 9/(-6) - (-36)/8*1. Suppose 5 = -u + s. What is the tens digit of ((-25)/(-2))/(u/(-4))?
2
Suppose 0*p + 4 = p. What is the units digit of 430/(8/p) - (-2)/(-2)?
4
Let v(o) = 36*o + 15*o + 40 - 5*o. What is the hundreds digit of v(8)?
4
Suppose -3*i + o = -1112, 0*i - 4*o = -2*i + 738. Suppose i*m - 2565 = 362*m. What is the hundreds digit of m?
2
Let o(f) = -5*f + 2171. What is the hundreds digit of o(-55)?
4
Let i(s) = 2*s**2 - 10. Let q(k) be the third derivative of k**6/120 - k**5/4 + k**4/24 - 23*k**3/6 - 35*k**2. Let a be q(15). What is the tens digit of i(a)?
1
Let y(u) = -59*u + 125. Let z be y(-34). Let f = z - 1456. What is the hundreds digit of f?
6
Let q(o) = 3*o**2 - 57*o + 2. What is the units digit of q(-17)?
8
Let s(v) be the first derivative of v**4/6 - 7*v**3/2 + 17*v**2/2 + 24*v + 17. Let c(m) be the first derivative of s(m). What is the tens digit of c(14)?
1
Let h(w) = -149*w**2 - w - 2. Let s be h(-1). Let q be 2*6*s/(-3). Suppose 5*y - q + 190 = 0. What is the tens digit of y?
8
Let z be (-2*(-6)/(-12))/(2/14). Let m = z + 32. What is the tens digit of m?
2
Let d(o) = -2*o**2 - 5*o + 19. Let w(i) = 2*i**2 + 6*i - 20. Let t(g) = -5*d(g) - 4*w(g). Let r be t(-4). Let s = 19 - r. What is the units digit of s?
6
Suppose -14*w = -7*w 